t common factor of 2305 and 515?
5
What is the highest common divisor of 36552 and 108?
12
Calculate the greatest common factor of 3375 and 3915.
135
What is the highest common divisor of 63662 and 278?
278
What is the greatest common factor of 4221 and 84?
21
What is the greatest common divisor of 74777 and 188?
47
Calculate the greatest common factor of 456 and 17632.
152
Calculate the highest common factor of 828 and 66348.
36
Calculate the highest common divisor of 50 and 26170.
10
What is the greatest common divisor of 17 and 948175?
17
Calculate the greatest common divisor of 18312 and 168.
168
What is the greatest common divisor of 148 and 4708657?
37
Calculate the highest common factor of 34706 and 9583.
259
What is the highest common factor of 40523 and 22329?
827
Calculate the highest common factor of 32431 and 1582.
791
What is the greatest common factor of 210 and 30555?
105
What is the greatest common factor of 988 and 95212?
52
What is the greatest common divisor of 404772 and 4272?
1068
Calculate the highest common divisor of 2886 and 2184.
78
What is the highest common factor of 4102 and 7420?
14
Calculate the greatest common factor of 8406 and 72.
18
Calculate the greatest common divisor of 80288 and 1612.
52
Calculate the greatest common factor of 475 and 5567.
19
What is the highest common divisor of 2319114 and 42?
42
Calculate the greatest common factor of 1343 and 17.
17
Calculate the greatest common factor of 11814456 and 391.
391
What is the highest common factor of 330 and 66110?
110
What is the highest common factor of 1747198 and 53?
53
What is the greatest common divisor of 22 and 658944?
22
What is the highest common factor of 555 and 233766?
111
Calculate the highest common divisor of 911781 and 9.
9
What is the highest common divisor of 468783 and 1764?
441
What is the highest common divisor of 1323 and 26541?
27
What is the greatest common factor of 159 and 153011?
53
Calculate the greatest common factor of 1506 and 192.
6
Calculate the greatest common divisor of 2 and 9011.
1
Calculate the greatest common divisor of 48615 and 105.
105
Calculate the greatest common factor of 12 and 181785.
3
Calculate the greatest common factor of 277311 and 345.
69
Calculate the highest common factor of 4280 and 2440.
40
What is the highest common divisor of 2580 and 222095?
215
What is the greatest common divisor of 28077 and 27?
3
Calculate the greatest common divisor of 658258 and 1132.
566
Calculate the highest common divisor of 95 and 377378.
19
What is the greatest common factor of 350625 and 5000?
625
Calculate the greatest common factor of 1089 and 92928.
363
What is the greatest common factor of 42 and 243159?
21
What is the greatest common divisor of 62 and 132897?
31
What is the greatest common factor of 10100 and 1100?
100
What is the highest common divisor of 693 and 20922?
33
Calculate the highest common divisor of 4482 and 4860.
54
What is the greatest common divisor of 2301 and 41691?
39
Calculate the greatest common divisor of 6000 and 5125.
125
What is the greatest common factor of 22663 and 80099?
173
What is the highest common factor of 260073 and 37?
37
Calculate the highest common divisor of 16 and 407024.
16
What is the highest common factor of 30 and 2010?
30
Calculate the highest common factor of 261 and 84.
3
Calculate the greatest common factor of 3198 and 52.
26
What is the highest common factor of 27000 and 280?
40
Calculate the highest common factor of 172 and 178407.
43
What is the greatest common factor of 5436210 and 30?
30
Calculate the greatest common factor of 633352 and 8.
8
Calculate the highest common factor of 84 and 52710.
42
What is the greatest common divisor of 59552 and 187961?
1861
What is the greatest common divisor of 11 and 8217?
11
Calculate the highest common factor of 2098 and 62.
2
What is the greatest common divisor of 902 and 144320?
902
Calculate the greatest common divisor of 448 and 184226.
14
Calculate the highest common divisor of 147 and 54047.
49
What is the greatest common divisor of 15 and 16990?
5
What is the highest common divisor of 415 and 351256?
83
Calculate the highest common factor of 175 and 58700.
25
Calculate the highest common divisor of 744 and 15779.
31
Calculate the greatest common divisor of 3982641 and 663.
663
Calculate the greatest common factor of 8393 and 3619.
77
Calculate the highest common factor of 7498 and 12062.
326
What is the highest common factor of 37458 and 63?
9
Calculate the greatest common divisor of 32143254 and 143.
143
Calculate the greatest common divisor of 20075 and 250.
25
Calculate the greatest common divisor of 2445 and 503181.
489
What is the greatest common divisor of 23114 and 364?
182
What is the greatest common factor of 3486 and 360552?
498
Calculate the highest common factor of 741 and 114171.
57
What is the greatest common divisor of 8594560 and 384?
128
What is the highest common divisor of 5269 and 275?
11
Calculate the greatest common divisor of 9785 and 57.
19
Calculate the highest common factor of 242460 and 480.
60
What is the greatest common factor of 1088 and 2704?
16
Calculate the highest common factor of 689 and 20137.
13
Calculate the greatest common factor of 8140 and 629.
37
What is the greatest common divisor of 21675 and 35547?
867
Calculate the highest common factor of 87818 and 266.
38
Calculate the highest common divisor of 91301 and 119.
7
What is the highest common divisor of 1243694 and 123?
41
Calculate the highest common factor of 40 and 463685.
5
Calculate the greatest common divisor of 247 and 1203992.
19
Calculate the greatest common divisor of 524 and 21222.
262
Calculate the highest common divisor of 675 and 435.
15
What is the highest common factor of 748 and 38420?
68
What is the greatest common factor of 584 and 6888?
8
Calculate the greatest common divisor of 36 and 5424.
12
Calculate the greatest common divisor of 7800 and 1171560.
1560
What is the highest common factor of 156 and 24622?
26
Calculate the greatest common factor of 112 and 250.
2
What is the highest common factor of 21096576 and 1152?
1152
Calculate the highest common factor of 44476 and 372.
4
What is the greatest common divisor of 749 and 784?
7
Calculate the greatest common divisor of 293 and 5.
1
Calculate the highest common divisor of 731148 and 4002.
174
What is the highest common factor of 321363 and 84?
21
What is the highest common divisor of 494 and 31711?
19
What is the greatest common divisor of 143600 and 450?
50
What is the greatest common factor of 284359 and 4279?
389
Calculate the highest common divisor of 88 and 146619.
11
Calculate the greatest common divisor of 230 and 3836055.
115
Calculate the greatest common divisor of 20919 and 1468.
367
What is the highest common divisor of 204 and 9?
3
Calculate the highest common factor of 475 and 38575.
25
Calculate the greatest common factor of 192 and 82224.
48
What is the highest common divisor of 13976 and 40?
8
What is the greatest common factor of 40 and 56755?
5
Calculate the greatest common factor of 241 and 8102179.
241
Calculate the highest common factor of 55 and 113795.
55
Calculate the highest common factor of 51 and 283237.
17
Calculate the greatest common factor of 28 and 55482.
14
What is the greatest common factor of 120960 and 126?
126
Calculate the highest common factor of 7872 and 41.
41
What is the highest common factor of 128 and 132160?
64
Calculate the greatest common factor of 16464 and 288.
48
What is the highest common divisor of 11088 and 14938?
154
What is the highest common factor of 47272 and 2?
2
What is the highest common divisor of 19984 and 48?
16
Calculate the greatest common factor of 306645 and 15.
15
Calculate the highest common divisor of 29 and 280691.
29
What is the highest common divisor of 2527 and 247285?
361
What is the greatest common divisor of 131609 and 37?
37
What is the greatest common divisor of 41382 and 228?
114
Calculate the greatest common divisor of 26464 and 100.
4
What is the highest common divisor of 10 and 229210?
10
Calculate the greatest common factor of 483392 and 182.
182
What is the greatest common divisor of 15756 and 832?
52
Calculate the greatest common divisor of 269 and 572701.
26